58
Let x(t) = -33*t - 28*t + 85*t + 99 - 23*t. What is the remainder when x(-21) is divided by 8?
6
Suppose 4*p - 78 + 18 = -4*g, -5*g + 10 = 0. What is the remainder when 33 is divided by p?
7
Let l(w) = -2*w**2 + 419*w + 3977. What is the remainder when 171 is divided by l(-9)?
39
Let n(d) = 98*d - 35. What is the remainder when n(1) is divided by 29?
5
Suppose 11 = m + 7. Let j be -13 + m + 1 + -2. Calculate the remainder when 9 is divided by (4*(-4)/j)/((-4)/(-10)).
1
Let t(a) = 23*a**2 - 369*a - 1833. Calculate the remainder when 1781 is divided by t(-5).
20
What is the remainder when 4947 is divided by ((-215)/20 - -10)/((-2)/40)?
12
Suppose -5*w + 5*g + 615 = 0, -272 = -3*w + 2*g + 105. Calculate the remainder when 22791 is divided by w.
128
Let c(d) = d**3 - 39*d**2 + 232*d + 45. What is the remainder when c(7) is divided by 35?
31
Suppose -6*w + 235 + 71 = 0. Calculate the remainder when 258 is divided by w.
3
Let b be -1 - -180 - (-15 + 18). Suppose 5*l = 3 + 12. What is the remainder when 164 is divided by (l/(-4))/((-4)/b)?
32
Let x(r) = 25*r + 289. Let g(h) = -17*h - 192. Let f(v) = 7*g(v) + 5*x(v). What is the remainder when 220 is divided by f(-14)?
16
Suppose -g + 4*a + 547 = 0, 4*g - 10*a - 2062 = -12*a. What is the remainder when g is divided by 165?
24
Let q = -71 + 94. Suppose -q*u + 295 = -533. Calculate the remainder when 71 is divided by u.
35
Let k = 3 + 0. Let n be 3*(-6)/45 + (-12)/(-5). Suppose 0 = n*w - 4*m - 114, 0 = -5*w - k*m + 2*m + 230. What is the remainder when 187 is divided by w?
46
Let f(a) = -4*a**2 + 2*a - 4. Let b be f(2). Let h be (-8 - -2)/(6/b). Calculate the remainder when 21 is divided by h - (-1 + -1 + 6).
9
Calculate the remainder when 14837 is divided by (215 - 240) + 37 + -2.
7
Suppose -229 = 3*f - q, 5*q - 170 = 5*f - 3*f. Let n = 113 + f. Suppose 0 = 3*z, n = s + 2*z + 2*z. Calculate the remainder when s is divided by 14.
10
Suppose -5*o - 4*t - 26 = -19, -4*t - 16 = -4*o. What is the remainder when 233 is divided by ((-2379)/78)/(o/(-2))?
50
Let g = -548 - -663. Suppose 2 = 3*v + 3*i - g, -3*i = 3. What is the remainder when v is divided by 11?
7
Let f = 594 + -233. What is the remainder when f is divided by 76?
57
Let j(l) = 2*l**2 - 17*l + 9. What is the remainder when j(14) is divided by 11?
9
Suppose 2*y - 652 = -2*y. Suppose 5*v + 73 = y. Calculate the remainder when 71 is divided by v.
17
Let p = -6 + 4. Let q(f) = -682*f**2 - 38193*f - 45. Calculate the remainder when 36*(p - 30/(-8)) is divided by q(-56).
8
Suppose -5*c + 422 = 14*l, -21 = -2*l + 2*c + 23. What is the remainder when 211 is divided by l?
15
Let n = -1848 - -1889. What is the remainder when 905 is divided by n?
3
Let b(w) = 2*w**3 - w - 1. Let a be b(-1). Let p = a + 7. Let i = -33020 + 33033. Calculate the remainder when i is divided by p.
3
Suppose 13*x - 4*c = 17*x - 48, 2*c = 0. Let d = 7 - -64. What is the remainder when d is divided by x?
11
Let c(f) = 9*f - 28. Let l(d) = 8*d - 29. Let z(w) = 4*c(w) - 5*l(w). Calculate the remainder when z(6) is divided by 6.
3
Suppose 2*n - 27926 + 22582 = 0. What is the remainder when n is divided by 33?
32
Let g = -162 - -157. What is the remainder when (46/(-115) - 242/g)*2 is divided by -2 - (0/2 + -35)?
30
Suppose -2*f = 5*f + 168. Let g = f - -30. Let x = 64 + -50. Calculate the remainder when x is divided by g.
2
Suppose 4*t = 130 - 18. What is the remainder when (-17)/(-4) - 0 - 7/t is divided by 4?
0
Let o(j) = -j**3 + 22*j**2 - 19*j - 1. Suppose -28*m = 9*m - 777. Calculate the remainder when o(m) is divided by 9.
5
Suppose 4 = d + 3*s, -50 = -231*d + 229*d + s. Let t(z) be the second derivative of z**3/6 + 2*z. Calculate the remainder when d is divided by t(6).
4
Suppose -4*d = -2*g - 726, 10*g = 3*d + 9*g - 542. What is the remainder when d is divided by 140?
39
Let x = -33415 + 33522. What is the remainder when x is divided by 2/6 - 70/(-6)?
11
Calculate the remainder when 348 is divided by (-5 + 6)/(((-9)/(-94))/9).
66
Let v(u) = -2*u**2 + 90*u - 320. What is the remainder when v(26) is divided by 328?
12
Let m = -209 - -625. Calculate the remainder when 349 is divided by 674/6 + -11 + m/39.
13
Let k(r) = -2*r**3 + 12*r**2 + 8*r + 44. Let g(x) = 12*x - 65. Let u be g(6). Calculate the remainder when 57 is divided by k(u).
1
Let b be (45/(-39) - -1) + (-48)/26. Let k(s) = -37*s + 2. What is the remainder when k(b) is divided by 66/(-4)*2/(-3)?
10
Let i = 36250 + -35547. Calculate the remainder when i is divided by 342.
19
Suppose 6*v - 312 = -7*v. Suppose 0 = 4*p - 106 - 458. Calculate the remainder when p is divided by v.
21
Suppose 5*n + 2 = 47. Suppose -44 = -2*y - 8*l + n*l, 0 = 5*y - 4*l - 107. Calculate the remainder when 32 is divided by y.
9
Let x = 7817 - 7813. Calculate the remainder when 988 is divided by x.
0
Calculate the remainder when 335/10*(4 + (-8 - -6)) is divided by 21.
4
Suppose 57 = 10*c + 7. Suppose 28 = a + 5*j, -c*a - 5*j + 160 = -0*j. Let t(x) = -x - 5. Calculate the remainder when a is divided by t(-9).
1
Let q(n) = -5*n - 39. Let l be q(-12). Suppose -j + l = 16. Suppose -169 - 36 = -j*g. Calculate the remainder when 80 is divided by g.
39
Let n = 1997 - 1898. Let g(m) = m**2 - 2*m - 1. What is the remainder when n is divided by g(7)?
31
Suppose -5*s - 2075 = -4*y, 4*y - 4*s = 874 + 1198. What is the remainder when 1063 is divided by y?
33
Suppose c - 766 = -5*n, 67*c - 71*c = -5*n - 3239. What is the remainder when c is divided by 77?
31
Let v = -60 - -60. Suppose k - 16 = -4*s, 5*k = -s - v*s + 23. Calculate the remainder when 61 is divided by (-3)/2*-64*k/24.
13
Let b(d) = d**2 + 2*d - 29. Let l be b(-7). Suppose -24 = -0*q - l*q. Calculate the remainder when 53 is divided by (375/20 - 3/q)/2.
8
Let z = -4023 - -7888. What is the remainder when z is divided by 55?
15
Suppose -f + 8*x - 2*x + 477 = 0, -f - 3*x = -450. Let y = 512 - f. What is the remainder when 106 is divided by y?
0
Let y(c) = 8*c**2 + c - 19. Let s(z) = -7*z**2 - z + 18. Let w(q) = -7*s(q) - 6*y(q). Calculate the remainder when 39 is divided by w(-5).
7
Suppose 2*c + 0*h + 2 = -4*h, 0 = -4*c - 5*h + 2. Suppose 154 = 5*w + c*n, -4*w - 3*n + 139 = 17. What is the remainder when 159 is divided by w?
31
Suppose -4*a + i = -9*a + 49, 5*i = -5*a + 65. Suppose a*j = j. Suppose j = -4*t + 34 + 34. What is the remainder when 98 is divided by t?
13
Let x(c) = -c**3 - 45*c**2 + 93*c - 26. What is the remainder when 354 is divided by x(-47)?
18
Let o(t) = 2*t - 6. Suppose -18*s + 6 = -138. Calculate the remainder when o(9) is divided by s.
4
Let h be (8/20)/((-1)/(-10)). Suppose 0 = -5*j + 5*i + 72 + 8, -2*i = -h. Calculate the remainder when 1 - 1/(-3) - 771/(-9) is divided by j.
15
Let r(m) = -45*m**2 + 2885*m + 49. What is the remainder when r(64) is divided by 137?
95
Let v(i) = i**3 - 48*i**2 + 83*i + 409. What is the remainder when v(50) is divided by 14?
11
Suppose -648 = 3083*y - 3107*y. Calculate the remainder when 200*(8/(-10) + 2) is divided by y.
24
Let m = 12951 + -12764. Calculate the remainder when 10470 is divided by m.
185
Let y(d) = 2*d - 5. Let z(a) = a - 2. Let j(q) = -6*y(q) + 11*z(q). Calculate the remainder when 46 is divided by j(-2).
6
Let g = 108 - 132. Let m(l) = -l**3 - 24*l**2 + 5*l + 160. Calculate the remainder when m(g) is divided by 16.
8
Suppose -1719*n + 1721*n - 798 = 0. What is the remainder when n is divided by 10?
9
Let u be 22 - (-1 + 1/(-1)). Let t = -3 - u. Let b = -18 - t. Calculate the remainder when 35 is divided by b.
8
Let k(a) = -10*a**3 + a**2 + a + 1. Let j be k(-1). Let h(n) = -n + 4*n + j + n**2 + 4*n**2 - n**3 - 1. What is the remainder when 49 is divided by h(5)?
24
Let c = -177 + 217. Calculate the remainder when 15 is divided by (-4 + 1 + 4)*c/5.
7
Suppose -5 = 5*k, k = -4*f - 3*k + 544. Calculate the remainder when 267 is divided by f.
130
Let i = -5642 + 5887. Calculate the remainder when 496 is divided by i.
6
Let u(r) = -r**2 - 17*r - 52. Let t be u(-4). Suppose t*x + 308 = 14*x. What is the remainder when 43 - (6/2)/3 is divided by x?
20
Suppose 8*x + 828 = 2*r, -12*x + 10*x - 418 = -r. Calculate the remainder when r is divided by 108.
98
Suppose -534*i + 14805 = -513*i. What is the remainder when i is divided by 